= 3*h + f, -369 = -3*r - 5*h. Suppose -l - 69 = -5*m + 68, -r = -4*m + 5*l. What is the tens digit of m?
2
Suppose 5*w - 422 = -f + 3862, 0 = -5*w - 2*f + 4283. What is the units digit of w?
7
Let y(x) = -11*x - 1. Let t be y(-4). Suppose -3*i - t = -160. Let b = i + -23. What is the units digit of b?
6
Suppose -2*h - 74 = 5*c + h, 4*h - 8 = 0. What is the units digit of (116/c + 2)*-4?
1
Let h(k) be the second derivative of -k**4/12 - k**3/6 - 45*k**2 + 3*k. Let u be h(0). What is the units digit of (-16)/(-3)*u/(-24)?
0
Let d = -79 - -76. Let f(c) = -c**3 + 1 - 4*c**2 + 4*c + 3*c**2 + 4 - 2. What is the units digit of f(d)?
9
Suppose 0 = -3*i + 9, 4*i + 2 = 3*v - 1. Suppose 0 = h - 3*w - 81, 0*h + v*w = -5*h + 325. What is the tens digit of h?
6
Suppose -s = -4, g = -4*s + 51 + 4. Suppose m - 89 = g. What is the tens digit of m?
2
Let f(j) = -26*j - 8. Let i be f(-4). Suppose -3*k + 4*q - 2*q = -264, i = k + 2*q. What is the tens digit of ((-5)/(-2))/(9/k)?
2
Let i(b) = b + 48. Let a be i(0). Suppose j = -j + a. Suppose 3*c - j = -0*c - y, -3*c + 2*y = -24. What is the units digit of c?
8
Let r be 2/((-1)/62*-2). Let c be (15 - 0)*(-59)/(-295). Suppose -2*g + 69 = -s, r = 2*g + c*s - 3. What is the tens digit of g?
3
Let a(s) be the first derivative of 11*s**4/4 + s**3/3 - s + 5. Let m be a(1). Suppose -10*v = -m*v + 46. What is the units digit of v?
6
Let q = 40 - 7. Let y(t) = -2*t - 1. Let b be y(1). Let n = q + b. What is the units digit of n?
0
Suppose 134 = 5*o + 4*g, 0 = 5*o + 4*g - g - 133. Suppose -5*x + 3*x = 5*d + 40, o = -d - 4*x. What is the units digit of d/8 + 150/40?
3
Let l be 6/10 - (-148)/20. Let j = 19 + l. Let g = j - -5. What is the tens digit of g?
3
Suppose 0 = -16*d + 4122 + 422. What is the tens digit of d?
8
What is the hundreds digit of 1 - 9 - (-660 + -4)?
6
Let o(n) = -2*n**3 + 5*n**2 + 12*n - 5. Let v be o(5). Let d = -116 - v. Let u = 79 + d. What is the units digit of u?
3
Suppose i + 7 = -4*j, 3*i - 5*j + 3*j = -7. Let r(o) = 5*o**2 - 5*o - 3. What is the units digit of r(i)?
7
Suppose -o - x = -6*x + 18, -42 = 4*o - 5*x. Let r(k) = -k + 1. What is the units digit of r(o)?
9
Let w = 16 + -22. What is the units digit of (4/w)/((-6)/360)?
0
Suppose -6*p + 9302 = -4066. What is the tens digit of p?
2
Suppose -2876 = -46*l + 169440. What is the units digit of l?
6
Let w(c) = 2*c**3 - 5*c + 4. Let x be w(3). Suppose 3*t + x = 2*t. Let q = t + 68. What is the units digit of q?
5
Let v be (-22)/2*(1 + 2*-3). Let i = 86 - v. What is the units digit of i?
1
Suppose -2*w = 2*w + 44. Let i = w - -32. What is the tens digit of i?
2
Let h(w) = 211*w. What is the hundreds digit of h(1)?
2
Suppose 42 = 4*p + 78. Let m(n) = -5*n + 0*n - 10 + 2*n. What is the tens digit of m(p)?
1
Suppose 22 - 6 = 2*y. Suppose -3*w = -y*w - 285. Let n = w + 110. What is the tens digit of n?
5
Let m(a) = 2*a**3 + 54*a**2 - 23*a + 3. What is the hundreds digit of m(-27)?
6
Let v(x) = 405*x**2 + 8*x + 9. What is the hundreds digit of v(-2)?
6
Let u(g) = 2*g**2 - 12*g + 10. Let z be u(12). Suppose 3*k - 107 = 5*b, -2*b + b - z = -4*k. Let o = -21 + k. What is the tens digit of o?
1
Suppose 5*o = -j - 125 + 1118, -o = 2*j - 195. What is the hundreds digit of o?
1
Let t be 4 + -1 + -3 + -67. Let h = t - -245. What is the tens digit of h?
7
Let b(j) = 2131*j + 10. What is the hundreds digit of b(1)?
1
Suppose b - 206 = 4*s - 0*s, 5*s + 266 = -3*b. Let u = -30 - s. Suppose -x - 72 = -5*j, x = j - 3*x - u. What is the tens digit of j?
1
Suppose -881 = -3*c + 604. What is the hundreds digit of c?
4
Suppose -b + 5*b = 68. Suppose -56 = 4*k - 5*l, -2*k + 3*l - 19 = 7. Let y = b - k. What is the tens digit of y?
3
Suppose -5*q + 4 + 16 = 0. Suppose q*b = 269 - 69. What is the units digit of 280/b - (-4)/10?
6
Let q = 108 - 103. Let r(m) = -m - 1. Let z be r(-6). Let l = z + q. What is the tens digit of l?
1
Let s(m) = -5*m + 61. Let r be s(10). Let h(t) = 8*t + 37. What is the units digit of h(r)?
5
What is the tens digit of -115*2655/225*(-1 - 0)?
5
Let k(l) = -l**2 - 12*l - 29. Let v be k(-4). Suppose -t + 13 = -1. What is the tens digit of t - 6/v - -2?
1
Let f = 5164 - 3636. What is the units digit of f?
8
Let y be (3 + -11)*1*1. What is the units digit of -5*y*3/15?
8
Suppose 30*q = -34*q + 89856. What is the hundreds digit of q?
4
Let s(u) be the first derivative of u**3/6 + 7*u + 1. Let d(p) be the first derivative of s(p). What is the units digit of d(4)?
4
Let r be -19*40/12*-6. Suppose -4*z + 0*f - 3*f = -r, f = -4*z + 388. What is the units digit of z?
8
Let j = 85 - 51. Suppose -41 = -5*s + j. What is the units digit of (-3)/s - (-31)/5?
6
Suppose 9 = 3*c - 0*c. Suppose c*h + 30 - 84 = 0. What is the tens digit of h?
1
Let d(z) = 72*z**2 + 22*z - 111. What is the tens digit of d(4)?
2
Let n be 7/3 + (-62)/(-93). Let s(d) = 35*d**2 + 4*d - 2. What is the hundreds digit of s(n)?
3
Let t(b) = 2*b + 13. Suppose -2*i + i = 6. Let h be t(i). What is the units digit of 38/10 - h/(-5)?
4
Suppose 47*t - 51647 - 56030 = 0. What is the tens digit of t?
9
Let b(x) = 56*x + 15. Let h(o) = -14*o - 4. Let v(m) = 2*b(m) + 9*h(m). What is the units digit of v(-2)?
2
Suppose -3*d = -2*x - 145, 3*d + 17*x = 13*x + 151. What is the units digit of d?
9
Suppose -5*h - 16 = -0*q + q, 4*q - 4*h - 32 = 0. Let y be -1*(-4 - (3 - 2)). Let z = q + y. What is the units digit of z?
9
Suppose 0 = 19*s - 16801 - 5961. What is the tens digit of s?
9
Suppose -20 + 2 = -2*u. Suppose -4*z = u - 21. Suppose n = z*n - 16. What is the units digit of n?
8
Let n(i) = -i**2 + 3*i - 3. Let f be 1*(1 - 4/(-4)). Let d be n(f). What is the units digit of 66 - (d + (-15)/5)?
0
Let f(t) = -2*t**2 + 4*t - 31. Let c be f(6). What is the units digit of c/((-32)/6 + 5)?
7
Let v be ((-15)/(-3) - 2) + 89. Let x = v + -55. What is the units digit of x?
7
Suppose -4*j + 3*b = 7*b - 40, j - 8 = -2*b. What is the units digit of j?
2
Let q = -2093 - -3509. Suppose 6*r - q = -6*r. What is the hundreds digit of r?
1
Let u(d) = 3*d**2 - 10*d - 4. Let a be u(-5). Suppose 4*y = 25 - 5, -y + a = 4*p. What is the units digit of p?
9
Let d be (-80)/64 - (-74)/8. What is the units digit of d/6*27/18?
2
Suppose -10*i + 8*i - 16 = 0. Let u be (i/7)/((-4)/14). What is the units digit of ((-10)/u + 0)*-2?
5
Let r = 9 + -7. Let m = -1 + r. Let p = m - -2. What is the units digit of p?
3
What is the units digit of (-9)/(63/2) - (-4176)/14?
8
Let l(s) = 933*s + 63. What is the hundreds digit of l(1)?
9
Suppose 235 = 2*g + 4*z - 59, 4*g = -5*z + 600. What is the tens digit of g?
5
Let u = -30 - -29. Let i be (-4 - u)*(-2)/3. What is the units digit of (-135)/i*6/(-9)?
5
Let i(w) = -w**2 - 9*w. Let y be i(-8). Let s(j) = j**2 - 3*j + 8. Let a be s(y). Suppose -f + 31 = -3*m, -2*f - 4*m + a = -3*m. What is the units digit of f?
5
Let h(n) = -6*n**3 + 5*n**2 + n - 3. What is the units digit of h(-4)?
7
Let m = -62 + -23. Let l = 123 + m. What is the units digit of l?
8
Let i be (1 + -28)/((-5)/(-15)). Let x = i + 145. Let r = -23 + x. What is the units digit of r?
1
Let r = 41 - 29. Let m(g) = 0*g + 2*g + r + 0*g - 3*g. What is the units digit of m(5)?
7
Let j(t) = 29*t**2 + t + 22. What is the thousands digit of j(6)?
1
Let n(m) = -10*m - 95. What is the units digit of n(-20)?
5
What is the tens digit of 1414 - ((-5 - 4) + 7)?
1
Let l = -62 + 1119. What is the thousands digit of l?
1
Let f be ((-255)/(-12))/((-1)/4). Let q = f - -130. What is the units digit of q?
5
Let p(v) = -5*v - 3. Let b(a) = 3*a + 2. Let d be b(-1). Let h be (16/12)/(d/3). What is the tens digit of p(h)?
1
Suppose 11*d + 1 = 1. Suppose d = 5*x - g - 297 - 693, -4*x = 4*g - 792. What is the hundreds digit of x?
1
Let x(o) = o**3 + 6*o**2 + 5*o - 2. Let f be x(-6). Let i = f - -64. What is the units digit of i?
2
Let y(h) = 10*h**2 - 86*h + 6. What is the thousands digit of y(17)?
1
Let j be 1 - 4*(-4 + 2). Suppose j*r = 277 + 110. What is the units digit of r?
3
Let b(f) = 17*f**2 + 3*f + 6. Let d(t) = -6*t**2 - t - 2. Let a(j) = 4*b(j) + 11*d(j). Let c(l) = l + 3. Let k be c(-5). What is the units digit of a(k)?
8
Let w(k) = -k**2 + 38*k - 31. Let c be w(37). Let h(b) be the first derivative of b**3 - 7*b**2/2 - b + 2. What is the tens digit